 2174144.
736
Calculate the highest common divisor of 774 and 143706.
258
What is the highest common divisor of 990 and 1064525?
55
Calculate the highest common divisor of 112 and 68752.
16
What is the greatest common divisor of 6570 and 14238?
18
Calculate the greatest common divisor of 5795 and 290665.
305
Calculate the greatest common divisor of 6919 and 3621.
17
Calculate the highest common factor of 3 and 19191.
3
Calculate the greatest common divisor of 138 and 154606.
46
Calculate the highest common divisor of 27 and 995769.
9
What is the greatest common divisor of 6831 and 17204?
253
What is the greatest common divisor of 256 and 600?
8
What is the greatest common divisor of 15136368 and 156?
156
What is the highest common factor of 1613878 and 238?
238
What is the highest common divisor of 931738 and 2?
2
What is the greatest common factor of 43659 and 3773?
539
Calculate the greatest common divisor of 62580 and 24.
12
Calculate the highest common divisor of 1336 and 256.
8
What is the greatest common factor of 493848 and 54?
18
Calculate the highest common factor of 96030 and 97.
97
What is the greatest common factor of 139 and 2147689?
139
What is the greatest common divisor of 24138 and 162?
162
Calculate the highest common factor of 156 and 80496.
156
Calculate the greatest common factor of 19613 and 88.
11
Calculate the greatest common divisor of 6233 and 69.
23
Calculate the greatest common factor of 680 and 1053320.
680
Calculate the greatest common divisor of 5 and 135085.
5
Calculate the highest common divisor of 2511 and 54591.
93
Calculate the highest common divisor of 2072 and 933880.
296
What is the greatest common factor of 34075 and 11?
1
Calculate the highest common factor of 69 and 2902692.
69
Calculate the greatest common divisor of 5111 and 185879.
269
What is the highest common factor of 16868 and 4?
4
Calculate the highest common divisor of 3667 and 332153.
193
Calculate the highest common factor of 1499326 and 67.
67
Calculate the greatest common factor of 8539 and 4.
1
What is the highest common divisor of 80 and 28920?
40
What is the highest common factor of 6358 and 120513?
289
Calculate the highest common factor of 243 and 51786.
27
What is the greatest common divisor of 2590 and 8610?
70
What is the highest common factor of 294135 and 30?
15
What is the greatest common factor of 6114 and 1038?
6
Calculate the highest common factor of 129244 and 11452.
1636
Calculate the highest common factor of 11248 and 66452.
148
What is the greatest common factor of 9690 and 1445?
85
What is the greatest common divisor of 380232 and 72?
72
What is the greatest common divisor of 1653 and 7047?
87
Calculate the highest common factor of 7997 and 88.
11
Calculate the greatest common factor of 5456 and 3520.
176
What is the greatest common divisor of 1287549 and 54?
27
Calculate the highest common divisor of 92 and 18716.
4
Calculate the greatest common divisor of 18602 and 142.
142
Calculate the greatest common factor of 1037 and 6527.
61
What is the highest common factor of 105 and 616280?
35
Calculate the greatest common factor of 14550 and 3450.
150
What is the greatest common divisor of 1185 and 1817?
79
Calculate the greatest common divisor of 1164 and 2028.
12
What is the greatest common factor of 3552 and 20088?
24
Calculate the greatest common factor of 6049 and 12624.
263
What is the greatest common divisor of 138 and 2628?
6
What is the highest common factor of 368 and 1328?
16
What is the highest common divisor of 152 and 66956?
76
Calculate the greatest common divisor of 9 and 181971.
9
Calculate the greatest common divisor of 15143 and 318800.
797
Calculate the greatest common divisor of 4932 and 413055.
1233
Calculate the highest common divisor of 494506 and 194.
194
What is the greatest common divisor of 30581 and 371?
53
What is the greatest common factor of 161280 and 17568?
288
Calculate the greatest common factor of 1505 and 15706180.
1505
What is the greatest common factor of 20 and 19256?
4
Calculate the highest common factor of 39699 and 765.
9
What is the greatest common factor of 165948 and 204?
12
What is the highest common divisor of 472 and 171896?
8
What is the highest common factor of 390 and 30390?
30
Calculate the greatest common factor of 444 and 145484.
148
What is the highest common factor of 350 and 109550?
350
Calculate the greatest common divisor of 726 and 498.
6
What is the highest common factor of 370 and 468235?
185
Calculate the highest common factor of 100 and 1047450.
50
Calculate the greatest common factor of 860 and 210872.
172
Calculate the greatest common divisor of 33168 and 48.
48
What is the greatest common divisor of 305 and 140?
5
Calculate the highest common divisor of 86578 and 73.
73
What is the greatest common divisor of 49686 and 4641?
273
What is the highest common divisor of 11900 and 21?
7
What is the highest common factor of 1068041 and 29?
29
Calculate the greatest common divisor of 112 and 3605952.
112
Calculate the highest common divisor of 1300 and 37076.
52
Calculate the greatest common divisor of 168 and 113253.
21
Calculate the highest common divisor of 2596 and 54044.
236
What is the greatest common factor of 8288 and 124061?
259
Calculate the highest common divisor of 72434 and 4.
2
What is the highest common divisor of 101736 and 972?
324
What is the greatest common divisor of 16146 and 1833?
39
What is the highest common factor of 8881080 and 120?
120
Calculate the highest common divisor of 25122 and 89270.
158
Calculate the greatest common factor of 237 and 267.
3
Calculate the highest common factor of 292833 and 45.
9
Calculate the greatest common factor of 1764360 and 169.
169
What is the highest common factor of 18 and 17920674?
18
Calculate the greatest common divisor of 4236 and 948.
12
Calculate the highest common factor of 39 and 75309.
39
What is the highest common factor of 80244 and 54?
54
What is the greatest common divisor of 669 and 7625931?
669
Calculate the greatest common factor of 366664 and 16.
8
Calculate the highest common divisor of 600 and 5640.
120
What is the greatest common divisor of 301 and 7427?
7
Calculate the highest common divisor of 336 and 176316.
84
Calculate the highest common factor of 17586 and 36.
18
What is the highest common factor of 525 and 59766?
21
What is the highest common divisor of 58584 and 5364?
12
What is the greatest common factor of 20821 and 423?
47
Calculate the greatest common divisor of 265 and 8321.
53
Calculate the highest common factor of 6641798 and 1156.
578
Calculate the highest common divisor of 28864 and 27.
1
What is the highest common factor of 62084 and 2176?
68
What is the highest common divisor of 136 and 148648?
136
Calculate the highest common divisor of 7660 and 680.
20
What is the highest common divisor of 170544 and 352?
176
Calculate the greatest common factor of 67048 and 17.
17
Calculate the greatest common factor of 4046 and 62237.
119
What is the highest common divisor of 5760 and 127125?
45
Calculate the highest common factor of 192096 and 324.
36
What is the greatest common divisor of 1504 and 103212?
188
What is the highest common factor of 8742 and 106032?
282
What is the highest common factor of 367 and 37434?
367
What is the greatest common divisor of 3034296 and 306?
306
What is the greatest common factor of 286 and 11986?
26
What is the greatest common divisor of 3 and 30729?
3
Calculate the highest common factor of 1034500 and 875.
125
What is the highest common divisor of 4997 and 20767?
19
Calculate the highest common factor of 1843 and 589.
19
What is the highest common divisor of 469090 and 610?
610
Calculate the greatest common divisor of 10491 and 54069.
807
Calculate the highest common factor of 81026 and 374.
22
What is the greatest common factor of 20500 and 95?
5
What is the greatest common divisor of 1080 and 1755?
135
Calculate the greatest common divisor of 7290 and 7155.
135
What is the greatest common divisor of 202662 and 324?
162
Calculate the greatest common divisor of 83006 and 1210.
242
What is the highest common divisor of 43320 and 104?
8
Calculate the highest common factor of 9611206 and 22.
22
What is the highest common factor of 840 and